t is -10 - 11000?
-11010
In base 15, what is 20 - -17?
37
In base 4, what is -2 + -1010?
-1012
In base 13, what is 65 - -13?
78
In base 3, what is -2 - 10111110?
-10111112
In base 5, what is 333 - 340?
-2
In base 4, what is 120211 - 3?
120202
In base 7, what is -436 + 3?
-433
In base 7, what is 2 - -625?
630
In base 7, what is -1634 - -4?
-1630
In base 9, what is 6 + 306?
313
In base 3, what is 1020201 + 1?
1020202
In base 5, what is -114 + -104?
-223
In base 16, what is -ee + -12?
-100
In base 3, what is -1221 - 0?
-1221
In base 6, what is 4 - -151?
155
In base 14, what is -2092 + -2?
-2094
In base 12, what is -36 + -3?
-39
In base 11, what is 78 - -5?
82
In base 12, what is 153 - 5?
14a
In base 15, what is 3 - 46?
-43
In base 10, what is 50 - -20?
70
In base 5, what is 10141 - -10?
10201
In base 13, what is a45 - 19?
a29
In base 16, what is 1 + 124?
125
In base 6, what is -241 - 11?
-252
In base 4, what is -2132 + 33?
-2033
In base 12, what is -164 - -33?
-131
In base 8, what is 13 + -10?
3
In base 5, what is -320 + -2?
-322
In base 7, what is 105 - 23?
52
In base 15, what is -1d50 - -5?
-1d4a
In base 4, what is 30 - -103?
133
In base 16, what is 33 - -81?
b4
In base 12, what is b - 5b?
-50
In base 3, what is 2211000 - 12?
2210211
In base 14, what is -10 - 4?
-14
In base 7, what is -6 + 4?
-2
In base 12, what is -b9 - 0?
-b9
In base 7, what is -46 + 52?
3
In base 16, what is -19 - -3?
-16
In base 13, what is 36 - -342?
378
In base 3, what is 1100201 + 2?
1100210
In base 3, what is 12121 - 0?
12121
In base 13, what is -8 + 32?
27
In base 16, what is -2 + 645?
643
In base 15, what is 18 + -10?
8
In base 6, what is 4322 + 1?
4323
In base 13, what is -4c8 + 5?
-4c3
In base 12, what is -166 + -44?
-1aa
In base 9, what is -5 + 15?
10
In base 16, what is a + 3c?
46
In base 4, what is -31 - -12?
-13
In base 3, what is -112 + 200?
11
In base 12, what is 3 - -1906?
1909
In base 3, what is 1201 + 1002?
2210
In base 14, what is 3 - 2dd3?
-2dd0
In base 16, what is -13 - -9?
-a
In base 2, what is 1001000100110 - 100?
1001000100010
In base 10, what is 7 + 3?
10
In base 4, what is 3 - 120?
-111
In base 5, what is -24102 + 1?
-24101
In base 8, what is 57 - -66?
145
In base 8, what is 1 - 2761?
-2760
In base 5, what is 101421 - -2?
101423
In base 8, what is 103 - 0?
103
In base 16, what is -d + -161?
-16e
In base 7, what is 404 + -2?
402
In base 15, what is 0 - -4b?
4b
In base 12, what is 3 + 156?
159
In base 11, what is 1 + 82?
83
In base 13, what is 9 - 281?
-275
In base 4, what is -10231 - -11?
-10220
In base 13, what is 6 + 3?
9
In base 8, what is 4 - 112?
-106
In base 14, what is 0 - -59?
59
In base 11, what is -693a - 2?
-6941
In base 5, what is 2111 - -4?
2120
In base 6, what is -4 + -441?
-445
In base 11, what is 35 + -20?
15
In base 11, what is -237 - -4?
-233
In base 13, what is 6 + -116?
-110
In base 11, what is -a0 - 15?
-105
In base 13, what is -2342 - -1?
-2341
In base 15, what is 37b + -4?
377
In base 14, what is -312 - 5?
-317
In base 11, what is -a342 + -1?
-a343
In base 8, what is 206 + 31?
237
In base 16, what is 6c - 2a?
42
In base 12, what is 30b1 - 5?
30a8
In base 15, what is -4 - 29?
-2d
In base 14, what is 2 - -c?
10
In base 12, what is 12 - 40b?
-3b9
In base 2, what is 11 + -1000001?
-111110
In base 3, what is 12 + 222?
1011
In base 10, what is -6 - -17?
11
In base 13, what is 36 - 5?
31
In base 14, what is 1da - -2?
1dc
In base 16, what is 16b - 1?
16a
In base 3, what is 100121 - -21?
100212
In base 12, what is 6b - 2?
69
In base 14, what is 4b32 - -4?
4b36
In base 6, what is -2 - -101?
55
In base 9, what is 16 - 33?
-16
In base 2, what is 1100101 - -101?
1101010
In base 10, what is -3 - -899?
896
In base 4, what is 3 - -11200?
11203
In base 3, what is -12 + -10022?
-10111
In base 6, what is 325 - -423?
1152
In base 13, what is -8 + -24?
-2c
In base 14, what is -16 - a?
-22
In base 2, what is 100001101010 + 1?
100001101011
In base 15, what is 5 - 3?
2
In base 13, what is -1a - -16c?
152
In base 5, what is 14 - 100?
-31
In base 13, what is -1922 - 0?
-1922
In base 2, what is 100011 - -110111?
1011010
In base 2, what is -1011001111 + 0?
-1011001111
In base 8, what is 61667 - 2?
61665
In base 8, what is 1 - 1226?
-1225
In base 15, what is -4b0c + 0?
-4b0c
In base 7, what is 21 + -643?
-622
In base 16, what is -283 - 10?
-293
In base 4, what is -11130 - 313?
-12103
In base 9, what is -4 + -13636?
-13641
In base 13, what is -5 - -267?
262
In base 2, what is -101 + 1111111?
1111010
In base 3, what is -12 + -22012?
-22101
In base 3, what is -202 + 20212?
20010
In base 9, what is -26 + -1?
-27
In base 6, what is 4 + 111?
115
In base 6, what is 533 + 1?
534
In base 7, what is 11123 + 0?
11123
In base 16, what is 2 - 97?
-95
In base 16, what is -17 + -76?
-8d
In base 14, what is 2 - -3c?
40
In base 11, what is -1 + 2a78?
2a77
In base 15, what is 28 + 0?
28
In base 13, what is 14 + 30?
44
In base 4, what is 230312 + -2?
230310
In base 9, what is -1 + -5752?
-5753
In base 11, what is -99 - -4?
-95
In base 6, what is -12 + 42?
30
In base 15, what is -d1 - -5?
-cb
In base 12, what is 87 - 22?
65
In base 7, what is 1523 + -5?
1515
In base 11, what is -220 - 5?
-225
In base 10, what is 8 + -329?
-321
In base 11, what is -3 - -203?
200
In base 14, what is -25 - -12?
-13
In base 9, what is -1 - 34?
-35
In base 3, what is 20010122 - 11?
20010111
In base 12, what is -3b - 5?
-44
In base 11, what is 4 + -357?
-353
In base 6, what is 3 + 2143?
2150
In base 6, what is -5 + -2230?
-2235
In base 9, what is 2 - -6844?
6846
In base 10, what is 72 - 48?
24
In base 9, what is 4 - 1488?
-1484
In base 2, what is 0 - -101100111101?
101100111101
In base 12, what is -2 + 14?
12
In base 11, what is -6a7a + 3?
-6a77
In base 8, what is -1 - 562?
-563
In base 14, what is -39 + 3?
-36
In base 12, what is 7 - 30?
-25
In base 4, what is -2 + -3203?
-3211
In base 7, what is 1 + 2430?
2431
In base 2, what is -11000010001 - -1?
-11000010000
In base 12, what is 14 - 1?
13
In base 6, what is -1 + 1220?
1215
In base 6, what is -21 - -10310?
10245
In base 3, what is 2 - -2011?
2020
In base 15, what is 4e - 4?
4a
In base 3, what is -11 - 2101?
-2112
In base 14, what is -2 + -1?
-3
In base 2, what is 1111011 - -1?
1111100
In base 8, what is 17 + -131?
-112
In base 13, what is 0 - 3b?
-3b
In base 14, what is 1 + -300?
-2dd
In base 11, what is -4 - 27?
-30
In base 9, what is 17 + 24?
42
In base 9, what is -135 + 72?
-53
In base 15, what is 3 - -7a4?
7a7
In base 5, what is 4 - 30010?
-30001
In base 9, what is 145 + 2?
147
In base 13, what is -1 + -405?
-406
In base 3, what is 0 - 1212121?
-1212121
In base 4, what is 233 + 10?
303
In base 15, what is -d - -10?
2
In base 4, what is 131302 + -2?
131300
In base 16, what is f - 93?
-84
In base 14, what is -5 - 5?
-a
In base 6, what is -5 - 1151?
-1200
In base 5, what is 334 - -3?
342
In base 5, what is -333 + -111?
-444
In base 13, what is 730c + 5?
7314
In base 3, what is 102 + -22?
10
In base 15, what is -14d + 2?
-14b
In base 15, what is -a3 - 3?
-a6
In base 7, what is -62 + 35?
-24
In base 9, what is 7812 - -2?
7814
In base 16, what is -bc + 4?
-b8
In base 11, what is 5 - -15?
1a
In base 9, what is -33 + 3?
-30
In base 16, what is e - 1b?
-d
In base 16, what is 11fa - 2?
11f8
In base 11, what is 463 + -2?
461
In base 5, what is -133 + 3?
-130
In base 5, what is -1 - -1?
0
In base 7, what is -1 - 20642?
-20643
In base 2, what is 110100001 - 10?
110011111
In base 16, what is 1d86 - 2?
1d84
In base 5, what is -204 - -14?
-140
In base 4, what is -2202023 + -1?
-2202030
In base 6, what is 2 - -1110?
1112
In base 14, what is 68c + -c?
680
In base 13, what is -2c4 + -10?
-304
In base 6, what is 12111 - 1?
12110
In base 4, what is 23 - 13002?
-12313
In base 5, what is -10 + -333?
-343
In base 4, what is -133 + 1?
-132
In base 6, what is 11 + -20?
-5
In base 5, what is 2 - -3334?
3341
In base 6, what is -302 + 112?
-150
In base 8, what is -224 + 3?
-221
In base 6, what is 2 + -133?
-131
In base 8, what is -1 + 63?
62
In base 9, what is -116 + 8?
-107
In base 14, what is -d - 3?
-12
In base 10, what is -5 + -4?
-9
In base 13, what is 1bb - 9?
1b2
In base 5, what is -3033 - 4?
-3042
In base 5, what is 21 + -13233?
-13212
In base 14, what is -